- 5. Let w be a(-6). Let k = w - 65. Suppose 0 = -4*l - d + 1161, -5*l - k = 2*d - 1619. Is l a prime number?
False
Let s(k) = 39*k**2 - 36*k + 31. Is s(10) composite?
False
Let w be 2/(1*(-8)/(-36)). Let y = w + -6. Suppose -2*h - y*h + 290 = 0. Is h a composite number?
True
Suppose 13*k - 11*k = 1030. Is k a prime number?
False
Let n(w) = -3*w + 3. Let f be n(-1). Suppose -372 = 2*b - f*b. Is b a prime number?
False
Let t be (5/(-15))/((-2)/12). Is 1324/(-2)*(-1)/t prime?
True
Let r(a) = a**2 - a - 498. Let l be r(0). Let k = l + 941. Is k prime?
True
Suppose 0 = 3*u + 5*q - 43753, -3*q + 29166 = 2*u + q. Is u composite?
False
Suppose -4*k + 13 + 12 = -5*i, k - 2 = -3*i. Suppose 0 = -k*y + 3*b - 665, -y + 0*y - 2*b - 146 = 0. Let h = y - -195. Is h composite?
False
Let x(g) = -g**2 - 2*g + 68. Let k be x(0). Let q = 200 - -59. Let d = q - k. Is d prime?
True
Suppose 0 = -5*w + 4*n + 12137 + 58, 4*w - 9765 = 5*n. Is w a composite number?
True
Let a = -11 - 4. Let f be ((-20)/a)/(2/3). Suppose 4*b + 190 = f*v, 2*v + 5*b - 266 = -67. Is v composite?
False
Is 2/(-5) - 3721/15*-21 a prime number?
True
Let j = 24 - 26. Let h(f) be the first derivative of 98*f**3/3 - 5*f**2/2 - 5*f + 1. Is h(j) composite?
False
Suppose 275732 = -7*q + 65*q. Is q prime?
False
Let r be 3266/(-5) - 2/(-20)*2. Let i = -358 - r. Is i composite?
True
Let j = 5403 - 2954. Is j prime?
False
Suppose -8 = -4*x + 2*o, 2*o = -o. Is (-4)/x + 5 - -766 composite?
False
Let y(r) = -4*r**3 - 3*r**2 - 8*r + 13. Is y(-10) a composite number?
False
Suppose -3*o + y = -33 + 4, o - 2*y - 18 = 0. Suppose -o*x = -10*x + 994. Is x a prime number?
False
Let v = 17 - 10. Let a(t) = 31*t**2 + 4*t + 3 + 12 - 3. Is a(v) a composite number?
False
Let c(m) = 5*m**2 + 7*m + 7. Suppose -16 = -3*k + 11. Suppose 0 = 3*t + d + 15, -5*d + k + 1 = -2*t. Is c(t) a composite number?
False
Is (54/(-8) - -3 - 4)*-148 a composite number?
True
Suppose 0*c + 5*c - 3*n + 4 = 0, -3*n - 6 = 0. Let q be (-2)/((-8)/(-4)) + c. Is (-3864)/(-35) - q/5 prime?
False
Let u be (5171 - -1)/3 - 0. Suppose -5*b + u = -b. Is b a composite number?
False
Let k(o) = -2308*o**3 + o + 2. Let a be 3 + (2 - 5) + -1. Is k(a) a prime number?
True
Let y(w) = 400*w**3 + 3*w**2 - 13*w + 13. Is y(2) a prime number?
False
Let x be (4 - -1) + -3 + -2. Suppose x = k - 3. Suppose 3 = -3*n, w + k*n - 9 = 2*n. Is w prime?
False
Let r = 1841 - 1221. Suppose -5*w = -29 + 4. Suppose -k + w*k = r. Is k a composite number?
True
Suppose 6*j - 7 = j - q, j - 8 = 2*q. Suppose -3*b - 2951 = -j*x, 4*x - 5903 = 7*b - 2*b. Is x composite?
True
Suppose 26*d - 21*d = 0. Suppose -6*p = -d*p - 1074. Is p prime?
True
Let c = -16 - -13. Is 4527/4 - (-2)/8 - c composite?
True
Let f(n) = 47*n**2 + 38*n - 10. Is f(9) a prime number?
True
Let j(g) = -712*g + 283. Is j(-22) a composite number?
True
Let k(c) = -c + 2 + 38 - 4. Is k(29) prime?
True
Let t(a) be the second derivative of -a**6/360 - a**5/6 - a**4/6 - 2*a**3/3 - 2*a. Let h(j) be the second derivative of t(j). Is h(-9) composite?
True
Let c = -77 - -319. Let b = -218 + 79. Let k = b + c. Is k a composite number?
False
Let u(a) be the first derivative of -41*a**4/4 - 2*a**3/3 + a**2/2 + a - 24. Is u(-3) composite?
False
Let m(l) be the third derivative of 13*l**6/120 + l**5/30 + l**4/24 - l**3/6 - 5*l**2. Let i be m(-2). Let x = i - -248. Is x a prime number?
True
Let u = 6777 + -3447. Suppose -5*f = 5*r - 3335, r - u - 21 = -5*f. Suppose 5*l - 974 = f. Is l prime?
False
Let g = 62509 - 24990. Is g a prime number?
False
Suppose -2*z + y = -6*z + 190, 0 = 4*y - 8. Let c = z + -34. Is c a prime number?
True
Suppose 53*r = 58*r - 3265. Is r prime?
True
Let t = -13 - -14. Suppose -2*u - 332 = -c, -4*u - t = -17. Suppose -c - 112 = -4*f. Is f prime?
True
Let f(w) = -w**3 + 2*w**2 + 4*w - 3. Let p = 2 - -3. Suppose -3*z - 17 = -p. Is f(z) prime?
False
Suppose 0 = 4*o - 75 - 1. Let w(f) = 10 - o*f + 12 - 24. Is w(-5) a composite number?
True
Suppose n + 4*n = -3*f - 41, -2*f = -2*n + 6. Is 1/((0 + 1)*f/(-2779)) composite?
False
Let k = 54 - 38. Let t be (-268)/10 - k/80. Is (-1618)/(-8) + t/(-36) composite?
True
Let l(b) = -b**3 - 9*b**2 + 6*b - 11. Let m be l(-10). Suppose 36*t - 19901 = m*t. Is t a prime number?
True
Let t be 4 + -5 - -11 - 0. Suppose 3*v + 6 = 2*s, t = 4*s - 4*v - v. Suppose -4*r - r + 1245 = s. Is r prime?
False
Suppose -2*w = 2*w - 5*h + 7, 0 = -5*w - 2*h + 16. Let m(r) be the first derivative of 17*r**2/2 + r + 1. Is m(w) prime?
False
Let v(c) = c. Let u(k) = -7*k - 7. Let q(d) = u(d) - 2*v(d). Let m be q(-7). Let j = -1 + m. Is j prime?
False
Let n be (48/20)/(-4) - (-6192)/20. Suppose -4121 = -10*z + n. Is z a composite number?
False
Suppose 5*x - 35 = 2*i + 26, -x - 4 = 5*i. Suppose -12*z = -x*z - 19. Is z a composite number?
False
Suppose r - 5*r = -8. Suppose -4 = c - 0, 0 = -r*w + 2*c + 1880. Let d = -469 + w. Is d a prime number?
True
Suppose -11*i - k = -7*i - 5439, -3*i = 5*k - 4058. Is i a composite number?
False
Suppose -3*q + 83 + 52 = 0. Let t be 9/q - 2444/(-5). Let x = 880 - t. Is x a prime number?
False
Let l(s) = s**3 - 4*s**2 + 3*s - 6. Let x be l(4). Let v = 8 - -9. Let o = v - x. Is o prime?
True
Is (3 - 12) + (4831 - -21) prime?
False
Is (2730/50 + -2)*5 composite?
False
Let g(j) = -3202*j + 213. Is g(-8) a composite number?
True
Let w(m) = m**3 - 3*m**2 + 3*m - 4. Let b be w(2). Is 327 - (b - (5 + -3)) a composite number?
False
Suppose 2*v + 20 = 4*b, 4*v = -5*b - v + 25. Suppose i - b*i + 2648 = 0. Is (3 - (-15)/(-6))*i a prime number?
True
Let h(d) = -2*d + 1. Let m be h(3). Let o = 9 + m. Suppose -3*l = -l + 6, -4*l = -o*a + 3904. Is a a prime number?
False
Suppose 0 = 113*s - 90097 - 2782702. Is s composite?
False
Suppose 0 = -2*j - 5*b + 5588, 5*b = j + 4*j - 13935. Is j composite?
False
Suppose 0 = -a - 54 + 921. Suppose 0 = b - a - 387. Let p = 83 + b. Is p composite?
True
Suppose 0 = 8*g - 5165 + 781. Suppose j - 246 - g = 0. Is j prime?
False
Let m(a) = -a**2 + 3*a + 6. Let u be m(5). Let g be (76/16 + u)*940. Suppose -925 - g = -5*t. Is t a prime number?
False
Suppose -4*g - 1359 = 1905. Let x = 1633 + g. Is x a composite number?
True
Let l(z) = 77*z**3 - 11*z**2 - 3*z + 2. Is l(5) a composite number?
False
Suppose 3*o + 1 - 7 = 0. Let l = -2 - -2. Suppose -z - o*z + 66 = l. Is z a composite number?
True
Let o(f) = 535*f - 29. Let q(t) = 267*t - 14. Let i(h) = -3*o(h) + 5*q(h). Is i(-4) prime?
True
Suppose 0 = -j + 5*y + 1882 + 1384, y + 9784 = 3*j. Is j composite?
True
Let v be (-14)/4*(0 + -2). Let t(q) be the first derivative of -q**4/4 + 7*q**3/3 + 4*q**2 - 7*q - 18. Is t(v) a prime number?
False
Let q(z) = z**2 - 15*z + 20. Let m be q(15). Suppose 23*i - 54 = m*i. Let s = i + -8. Is s composite?
True
Is (-211370)/345*(-33)/2 a composite number?
True
Let n(i) = i**2 - 9*i + 8. Suppose 2*s - q = -5*q - 2, -3*s + 47 = -4*q. Let m be n(s). Let k(d) = d**3 - 6*d**2 - 6*d - 1. Is k(m) composite?
False
Let z(y) be the first derivative of 7*y + 1/3*y**3 - 1/2*y**2 - 12. Is z(-5) prime?
True
Suppose -2*b = -2173 - 2025. Is b a prime number?
True
Let t(g) = -93*g**3 + 9*g - 1. Is t(-3) a composite number?
True
Let i = -69 + 92. Is i - 18 - (-805 + 1) a prime number?
True
Let d be (-1*(-4)/5)/(72/76500). Let o = d - 277. Is o a prime number?
False
Let v be (5 - 8 - -6) + 1. Suppose 4*m = 2*x - 402, -v*x - m + 91 = -758. Is x prime?
True
Let n = 0 + 0. Suppose 3*g = -g + 5*v + 11, n = 4*g - v - 15. Is 0 + 188 + (-12)/g a composite number?
True
Let f be (-52)/78*-3*5. Let u be 2/4 - (-685)/f. Suppose -6*h + 3*h = -u. Is h composite?
False
Let y be 2/(0 + (-4)/(-856)). Let w be (5 + -4)*(-1 + y). Let g = -194 + w. Is g prime?
True
Let s = -9118 + 5720. Let q = s + 4801. Is q a prime number?
False
Suppose 2*n = -n - 4*i - 22, -3*i = -2*n + 8. Let f(d) = -d**3 + 3*d + 2. Let t be f(n). Suppose o = t*o - 477. Is o a prime number?
False
Let z = 1106 - -586. Suppose 5*l = z + 3553. Is l prime?
True
Let t(d) = -220*d + 1. Let h be t(-6). Suppose 5*v - h = 4*o, 4*o - 30 + 1086 = 4*v. Is v prime?
False
Suppose -29*a - 12 = -128. Suppose 2*b + 4*p - 112 = 0, 4*b + 85 - 314 = -3*p. Suppose a*j - b = -6. Is j a prime number?
True
Let s(a) = 12*a - a + 5 + 1 + a**3 - 12*a**2 +